the prime factors of h.
5, 263
Suppose 5*q - 24044 = -4*j, -7*j + 4*q + 65542 = 23414. What are the prime factors of j?
2, 47
List the prime factors of (-2*1)/(20/144745*(-1)/2).
28949
Let v = -6974 - -42729. What are the prime factors of v?
5, 7151
Let y(o) = -3*o + 18. Let b be y(6). What are the prime factors of (-1 + b)/(((-9)/(-996))/(-3))?
2, 83
Suppose 56*q = 149782 - 10958. List the prime factors of q.
37, 67
Suppose 3*u = -3*z + 223992, 403*u = -3*z + 404*u + 223992. What are the prime factors of z?
2, 3, 17, 61
Suppose -405*m + 781880 = -350*m. List the prime factors of m.
2, 1777
Let b = 111714 - 49397. List the prime factors of b.
101, 617
Let d = -16999 - -28465. List the prime factors of d.
2, 3, 7, 13
Suppose -z = -3*h + 8753, -6269 - 8303 = -5*h + 4*z. What are the prime factors of h?
2, 5, 73
Let m be -1 + -1 + 5 + -1. Suppose -y + z = -m*z - 16, -5*y + 2*z + 41 = 0. Suppose b = 4*w - 20, y*w + 5*b = 2*w + 25. List the prime factors of w.
5
Suppose 68718 = 3*w - 2*t, -4*t = 4*w + w - 114508. What are the prime factors of w?
2, 7, 409
Let x = 14421 - 3174. List the prime factors of x.
3, 23, 163
Suppose 0 = 18*p - 4*p + 322. Let l be (-3)/(-6)*(-131 - -1). Let y = p - l. List the prime factors of y.
2, 3, 7
Let y(v) = -17*v + 22. Let a be (-4)/6*(-4 - 2). Suppose 3*c + 24 = -i, -a*c - c = 25. What are the prime factors of y(i)?
5, 7
Let n(w) = -w**3 + 6*w**2 - w - 20. Let y be n(4). Suppose -7*b + y*b - 239 = 0. List the prime factors of b.
239
Suppose 49244 = -34*d + 388292. List the prime factors of d.
2, 3, 277
What are the prime factors of (-683147)/(-12) + (-13)/(-156) - -3?
2, 43, 331
Let u(s) = 4*s**2 - 13*s - 3. Let q(y) = -9*y**2 + 27*y + 6. Let r(a) = 6*q(a) + 13*u(a). Let i be r(-5). Let g = 64 + i. What are the prime factors of g?
2, 23
Let s = -23 - -29. Suppose -44 = s*d - 8. List the prime factors of (16/(-3))/(d/9).
2
List the prime factors of 6/(-2) - ((5 - 1) + 0 + -37854).
37847
Let h(q) = 1. Let z(f) = -55*f - 67. Let w(t) = -6*h(t) - z(t). List the prime factors of w(6).
17, 23
Let a = 315 + -286. What are the prime factors of ((-504)/(-5))/(a/145)?
2, 3, 7
Suppose 0 = -2*p, -20*r + 13*r = -4*p - 31171. List the prime factors of r.
61, 73
Let b(l) = -5*l**2 - 18*l + 105. Let d(m) = m**2 + 4*m - 21. Let x(f) = 2*b(f) + 11*d(f). Let r = -36 - -21. List the prime factors of x(r).
2, 3, 7
Let d be 1 + 210*-1 + 8. List the prime factors of 3 + 0 - d*(8 + -7).
2, 3, 17
Suppose 2100965 = 14*m + 117*m - 1354029. What are the prime factors of m?
2, 13187
Let v = -5271 - -10979. List the prime factors of v.
2, 1427
Let p = 4603 - 3408. List the prime factors of p.
5, 239
Let t(a) = 363*a**3 - 16*a**2 + 37*a - 1. List the prime factors of t(3).
9767
Suppose -17*u + 7 = -78. Suppose -u*j + 11886 - 3086 = 0. What are the prime factors of j?
2, 5, 11
Let s(c) = 22*c**2 + 10*c - 20. Let q(k) = -k**3 + 4. Let m be q(0). List the prime factors of s(m).
2, 3, 31
Let w(z) be the first derivative of z**4/4 - 8*z**3 + 22*z**2 + 80*z + 28. What are the prime factors of w(23)?
563
Let b(l) be the second derivative of 63*l**3 - 3*l**2 - 52*l. List the prime factors of b(1).
2, 3, 31
Let f(h) = 6*h - 31. Let s be f(13). Let c = 72 - s. Let d = 44 + c. What are the prime factors of d?
3, 23
Let v(h) be the second derivative of h**5/20 + 2*h**4/3 + 10*h**3/3 - 9*h**2/2 - 8*h. Let f be v(-7). Let c = -8 - f. List the prime factors of c.
2, 23
Let w = 3136 + 4623. List the prime factors of w.
7759
Suppose 2*a + 3*p - 19660 = 0, -156*a + 2*p = -151*a - 49093. List the prime factors of a.
7, 23, 61
Let x = 17755 - 6358. List the prime factors of x.
3, 29, 131
Let y(m) = 50*m - 23. Suppose -4*q + 19 = c, -6*q + 3*q + 5*c + 43 = 0. List the prime factors of y(q).
277
Suppose 62*j = 65*j - 21, 4*j + 35050 = 2*h. List the prime factors of h.
17539
What are the prime factors of (-721*12/(-84))/(1/142)?
2, 71, 103
Let f(r) = 57*r + 1410. List the prime factors of f(31).
3, 353
Let a be (6 + -1)*(-2 + (12 - 2)). Suppose -57*j + 5168 = -a*j. What are the prime factors of j?
2, 19
List the prime factors of -1 + 12634 - (-26 + 42).
11, 31, 37
Let q = -27943 + 39711. What are the prime factors of q?
2, 1471
Suppose -1 = 5*l + r, -14*l + r = -13*l - 1. Suppose l = -4*o + 1283 + 3253. List the prime factors of o.
2, 3, 7
Let m(u) = -2*u - 71 + 8*u**2 - 4*u + 35. What are the prime factors of m(-10)?
2, 103
Let s(r) = 10*r**2 + 2*r - 2. Let z(b) = b**2 + 3*b. Let u be z(-6). Suppose -y = -4*m + 22, -u = -y - 0*m - 4*m. List the prime factors of s(y).
2, 17
Let p = -9596 - -19707. What are the prime factors of p?
10111
Let x = -1547 + 7444. List the prime factors of x.
5897
Let m = -586 + 6433. What are the prime factors of m?
3, 1949
Let p(q) = 20*q**2 - 2*q - 20. Let u be p(-7). Suppose -536 = u*s - 975*s. What are the prime factors of s?
2, 67
Let x = 4471 + -3350. List the prime factors of x.
19, 59
Suppose 0 = 5*u + 2*c - 71549, 4*u = 229*c - 224*c + 57259. What are the prime factors of u?
11, 1301
Let g(o) = 861*o - 3488. What are the prime factors of g(85)?
69697
Let q = -104898 + 167230. What are the prime factors of q?
2, 15583
Let h = -455 + 459. What are the prime factors of (25/(4 + 1))/(h/676)?
5, 13
Let k(f) = f**3 - 9*f**2 + 7*f + 5. Let d be k(8). List the prime factors of d - (10/(-35) - 813/21).
2, 3
Let u(c) = -4*c - 6*c**3 - c + 16 + 5*c + c. Let b be u(-4). Suppose 44*n = 46*n - b. What are the prime factors of n?
2, 3, 11
Let q(n) = 141*n**2 + 351*n + 5. What are the prime factors of q(-10)?
5, 13, 163
Suppose 22*i - 17*i - 2*x = 4, -x = -i + 2. Suppose 2*u + i*m - 1636 = -2*m, -2*u + 1640 = -2*m. What are the prime factors of u?
3, 7, 13
Suppose 9092 = 3*a - 5*i, 15112 = 5*a + 6*i - 4*i. Suppose 4*k + 2*k - a = 0. Suppose g + 3*c - 112 = 61, 0 = 3*g + 4*c - k. What are the prime factors of g?
2, 41
Let p(h) = -4*h**2 - 11*h - 30. Let j be p(9). Let b = j - -1214. List the prime factors of b.
761
List the prime factors of (85561/85*5)/((-1)/(-3)).
3, 7, 719
Let v = 424 - 1523. Let l = v - -1569. Let a = -242 + l. List the prime factors of a.
2, 3, 19
Suppose -5*q - 4*u = -u - 31012, 0 = 2*q + 5*u - 12420. What are the prime factors of q?
2, 5, 31
Let o(p) = 14*p - 12. Let c = -31 + 26. Let r(j) = -28*j + 23. Let k(l) = c*o(l) - 3*r(l). List the prime factors of k(10).
131
Let j(s) = -s**3 + 15*s**2 - 10*s + 3. Let x be j(12). Let k = x - 159. List the prime factors of k.
2, 3, 13
Suppose 0 = 4*c + 2*l + l - 22, -4*l = 4*c - 24. Suppose -m - 6 = 3*a + 3*m, -5*m = -2*a - c. What are the prime factors of 3*a/(-2) - -120?
3, 41
Suppose -196318 + 10799 = -68*z + 102665. List the prime factors of z.
2, 13, 163
Let n(s) = s**2 + 24*s + 1. Let z be n(-25). Suppose 25*f - 4 = z*f. What are the prime factors of 240/2 - 0/f?
2, 3, 5
Let t(m) = m**3 - 19*m**2 + 74*m - 8. Let o be t(20). Let w = o - 1282. What are the prime factors of w?
2, 5, 59
Let z(s) = -s**3 + 7*s**2 + 4*s - 10. Suppose 3*f - 4 = 5. Let p be 2 + (-2)/(-2) + f. What are the prime factors of z(p)?
2, 5
Suppose 0 = 12*q + q - 52. Suppose 0 = q*l - 3*s - 3110, l - 4*s - 782 = -s. List the prime factors of l.
2, 97
Suppose 8*k - 16 = 4*k. Suppose 1230 = -t + k*t. Suppose -33*x - t = -38*x. List the prime factors of x.
2, 41
Suppose -2*a = -10*a + 64. Let m be 1/(((-8)/(-2))/a). Suppose m*l = g + 145, 5*l + 5*g - 273 = 112. What are the prime factors of l?
2, 37
Let o(s) = -2*s**2 - 30*s - 24. Let r be o(-14). Let k = -104 + 104. Suppose r*c - 173 - 319 = k. List the prime factors of c.
3, 41
Suppose -5*a = 3 - 23. Suppose -t + 2054 = 3*i, 3*t - 1374 = 2*i - a*i. List the prime factors of i.
2, 3, 19
Let s be (-48)/36 + (-1)/(-3) + 4. Suppose -s*y = -75 + 36. List the prime factors of y + 149 - (1 - 5*1).
2, 83
Let a(v) = -v**3 - 14*v**2 + 22*v - 59. What are the prime factors of a(-20)?
1901
Suppose 0*u = 4*u - 352. Suppose -4*r = 4*r - u. Suppose 10*i - r*i + 107 = 0. List the prime factors of i.
107
Suppose 3*h - f = 48891, -3*f - 30587 = -4*h + 34601. List the prime factors of h.
43, 379
Let d(c) = -c**3 + 11*c**2 + 41*c - 14. List the prime factors of d(-6).
2, 11
Let w(s) = -2*s**3 + 6*s**2 + 20*s + 58. What are the prime factors of w(-15)?
2, 3929
Let f be 59025 + 4